015?
5
What is the units digit of 794?
4
What is the hundreds digit of 930?
9
What is the units digit of 17372?
2
What is the ten thousands digit of 20111?
2
What is the hundreds digit of 8077?
0
What is the units digit of 2421?
1
What is the hundreds digit of 3297?
2
What is the thousands digit of 3534?
3
What is the ten thousands digit of 77389?
7
What is the tens digit of 380?
8
What is the tens digit of 1727?
2
What is the units digit of 1043?
3
What is the hundreds digit of 14001?
0
What is the tens digit of 4659?
5
What is the tens digit of 864?
6
What is the units digit of 6936?
6
What is the ten thousands digit of 57950?
5
What is the thousands digit of 4233?
4
What is the thousands digit of 1415?
1
What is the thousands digit of 2115?
2
What is the units digit of 29283?
3
What is the units digit of 11183?
3
What is the thousands digit of 9800?
9
What is the tens digit of 8486?
8
What is the thousands digit of 1960?
1
What is the units digit of 11160?
0
What is the tens digit of 183?
8
What is the units digit of 2138?
8
What is the thousands digit of 39778?
9
What is the ten thousands digit of 22016?
2
What is the thousands digit of 1708?
1
What is the hundreds digit of 792?
7
What is the tens digit of 755?
5
What is the hundreds digit of 1314?
3
What is the tens digit of 2888?
8
What is the ten thousands digit of 79183?
7
What is the hundreds digit of 1182?
1
What is the hundreds digit of 13434?
4
What is the hundreds digit of 51180?
1
What is the units digit of 7877?
7
What is the units digit of 468?
8
What is the tens digit of 484?
8
What is the tens digit of 238?
3
What is the units digit of 16853?
3
What is the tens digit of 332?
3
What is the units digit of 55137?
7
What is the tens digit of 40570?
7
What is the thousands digit of 17139?
7
What is the thousands digit of 2349?
2
What is the units digit of 662?
2
What is the thousands digit of 18381?
8
What is the units digit of 1153?
3
What is the units digit of 92786?
6
What is the hundreds digit of 18198?
1
What is the units digit of 23646?
6
What is the hundreds digit of 555?
5
What is the units digit of 52789?
9
What is the hundreds digit of 1262?
2
What is the units digit of 94898?
8
What is the hundreds digit of 54440?
4
What is the units digit of 21129?
9
What is the thousands digit of 7379?
7
What is the thousands digit of 72848?
2
What is the thousands digit of 14680?
4
What is the tens digit of 16221?
2
What is the thousands digit of 8228?
8
What is the units digit of 1797?
7
What is the hundreds digit of 975?
9
What is the tens digit of 13772?
7
What is the tens digit of 1482?
8
What is the ten thousands digit of 19963?
1
What is the thousands digit of 5458?
5
What is the ten thousands digit of 18530?
1
What is the tens digit of 2235?
3
What is the tens digit of 3848?
4
What is the tens digit of 2439?
3
What is the thousands digit of 19250?
9
What is the tens digit of 738?
3
What is the tens digit of 13047?
4
What is the units digit of 2557?
7
What is the ten thousands digit of 28000?
2
What is the thousands digit of 4722?
4
What is the ten thousands digit of 121563?
2
What is the thousands digit of 2694?
2
What is the ten thousands digit of 22462?
2
What is the hundreds digit of 36057?
0
What is the tens digit of 39287?
8
What is the ten thousands digit of 71200?
7
What is the units digit of 2189?
9
What is the units digit of 9166?
6
What is the tens digit of 65716?
1
What is the tens digit of 810?
1
What is the hundreds digit of 51039?
0
What is the thousands digit of 3465?
3
What is the units digit of 168507?
7
What is the thousands digit of 1670?
1
What is the tens digit of 1450?
5
What is the units digit of 3201?
1
What is the ten thousands digit of 39559?
3
What is the units digit of 1462?
2
What is the hundreds digit of 3371?
3
What is the tens digit of 3773?
7
What is the units digit of 848?
8
What is the tens digit of 43432?
3
What is the hundreds digit of 838?
8
What is the hundreds digit of 39970?
9
What is the hundreds digit of 40746?
7
What is the hundreds digit of 82497?
4
What is the tens digit of 245?
4
What is the hundreds digit of 32418?
4
What is the tens digit of 22?
2
What is the thousands digit of 8601?
8
What is the units digit of 124358?
8
What is the ten thousands digit of 11963?
1
What is the units digit of 1078?
8
What is the units digit of 574?
4
What is the hundreds digit of 3026?
0
What is the hundreds digit of 30456?
4
What is the thousands digit of 107995?
7
What is the tens digit of 20133?
3
What is the hundreds digit of 143?
1
What is the units digit of 30002?
2
What is the thousands digit of 1295?
1
What is the units digit of 6000?
0
What is the tens digit of 424?
2
What is the hundreds digit of 2247?
2
What is the ten thousands digit of 20344?
2
What is the hundreds digit of 24897?
8
What is the ten thousands digit of 34390?
3
What is the thousands digit of 34651?
4
What is the tens digit of 14518?
1
What is the ten thousands digit of 15416?
1
What is the units digit of 8726?
6
What is the units digit of 526?
6
What is the units digit of 200?
0
What is the ten thousands digit of 66571?
6
What is the hundreds digit of 1408?
4
What is the units digit of 2012?
2
What is the hundreds digit of 6116?
1
What is the units digit of 2931?
1
What is the tens digit of 4766?
6
What is the thousands digit of 1247?
1
What is the tens digit of 4097?
9
What is the units digit of 3039?
9
What is the ten thousands digit of 44898?
4
What is the units digit of 795?
5
What is the tens digit of 340?
4
What is the units digit of 12425?
5
What is the tens digit of 36897?
9
What is the tens digit of 9277?
7
What is the units digit of 83885?
5
What is the hundreds digit of 548?
5
What is the hundreds digit of 2820?
8
What is the hundreds digit of 2499?
4
What is the thousands digit of 14974?
4
What is the ten thousands digit of 27489?
2
What is the tens digit of 571?
7
What is the units digit of 56896?
6
What is the hundreds digit of 744?
7
What is the hundreds digit of 1744?
7
What is the hundreds digit of 883?
8
What is the hundreds digit of 247?
2
What is the hundreds digit of 7810?
8
What is the hundreds digit of 59808?
8
What is the tens digit of 6832?
3
What is the ten thousands digit of 16509?
1
What is the hundreds digit of 689?
6
What is the hundreds digit of 29563?
5
What is the hundreds digit of 1620?
6
What is the units digit of 456?
6
What is the hundreds digit of 1081?
0
What is the ten thousands digit of 14569?
1
What is the units digit of 13682?
2
What is the tens digit of 811?
1
What is the ten thousands digit of 58827?
5
What is the thousands digit of 2801?
2
What is the hundreds digit of 62719?
7
What is the tens digit of 178?
7
What is the thousands digit of 23130?
3
What is the hundreds digit of 67831?
8
What is the units digit of 1856?
6
What is the hundreds digit of 14277?
2
What is the units digit of 17759?
9
What is the units digit of 72?
2
What is the units digit of 11081?
1
What is the hundreds digit of 2349?
3
What is the units digit of 7797?
7
What is the tens digit of 18099?
9
What is the hundreds digit of 2615?
6
What is the hundreds digit of 10266?
2
What is the tens digit of 852?
5
What is the tens digit of 9292?
9
What is the thousands digit of 14981?
4
What is the units digit of 944?
4
What is the hundreds digit of 126344?
3
What is the hundreds digit of 3705?
7
What is the units digit of 37178?
8
What is the hundreds digit of 744?
7
What is the units digit of 9543?
3
What is the hundreds digit of 2147?
1
What is the thousands digit of 1500?
1
What is the thousands digit of 34146?
4
What is the tens digit of 26717?
1
What is the tens digit of 1817?
1
What is the units digit of 88?
8
What is the hundreds digit of 5287?
2
What is the units digit of 3811?
1
What is the tens digit of 7833?
3
What is the hundreds digit of 65509?
5
What is the units digit of 1565?
5
What is the units digit of 4252?
2
What is the tens digit of 1621?
2
What is the units digit of 124?
4
What is the thousands digit of 11198?
1
What is the tens digit of 2894?
9
What is the units digit of 90474?
4
What is the tens digit of 4333?
3
What is the tens digit of 3002?
0
What is the units digit of 1046?
6
What is the hundreds digit of 91665?
6
What is the t